 0. Suppose -2*h = z*c - 2186, 0 = -3*h + 7*h + 8. Let g = c - 296. List the prime factors of g.
2, 71
Suppose 13*y + 20 = 3*y. Let s = y + 156. List the prime factors of s.
2, 7, 11
Let c be (5/(-15))/(2/(-30)). Suppose 5*v - 100 = 5*x - 450, -340 = -5*x - c*v. What are the prime factors of (-2)/(-1) - x*12/(-9)?
2, 47
Let s(z) = z**3 + 8*z**2 + 10*z + 2. Let v be s(-6). Suppose -122 + v = 2*o. Let l = 98 + o. What are the prime factors of l?
2, 11
Let f(i) = -70*i**3 - 3*i**2 - 33*i - 119. What are the prime factors of f(-4)?
5, 7, 127
Let f(d) = 72*d + 1343. What are the prime factors of f(52)?
5087
Let t(z) = -214*z + 8. Let b be t(-4). Suppose -c = -b - 106. What are the prime factors of c?
2, 5, 97
Suppose 7*f + 26 = 4*f + u, 0 = 3*f - 2*u + 31. List the prime factors of ((-24)/(-6) + f*2)*-21.
2, 3, 5, 7
Let t = 59 + -50. Let h be 104/((-3)/(t/(-6))). Suppose 43 = f - h. What are the prime factors of f?
5, 19
Suppose 2*u = 41 + 67. Suppose 0 = -4*z + o + 46 - 251, -z = -3*o + u. Let s = 23 - z. What are the prime factors of s?
2, 37
Let m(f) be the third derivative of 25*f**4/12 - 2*f**3/3 - 21*f**2. Suppose 7*a - 9*a = -6. List the prime factors of m(a).
2, 73
Let d = -8038 - -9087. What are the prime factors of d?
1049
Let i be 1078/(-5) + 16/(-40). Let l = 250 + i. What are the prime factors of l?
2, 17
Let r(w) = 486*w**2 + 257*w + 3. What are the prime factors of r(-5)?
2, 11, 13, 19
Let n(l) = -4*l**3 - l**2 - 5*l - 31. Suppose 30*f - 10 = 4*c + 25*f, -15 = c + 5*f. List the prime factors of n(c).
7, 67
Suppose -10*t = -2*h - 6*t + 9066, -3*t + 18110 = 4*h. List the prime factors of h.
7, 647
Let k(f) = 5*f**2 + 3*f + 10. Let h be k(11). Let l = -206 + h. Suppose -146 = -3*p + l. List the prime factors of p.
2, 7
Suppose 2*m = m - 3*u + 82, 88 = m - 3*u. Let r = m + 3. List the prime factors of r.
2, 11
Let l = -19 + 173. Let a = -3219 + 3226. Suppose -a*g + l = -5*g. What are the prime factors of g?
7, 11
Let s = -1644 + 2425. Let d = 102 + s. List the prime factors of d.
883
Let g(r) = r**3 + 3*r**2 - 7*r - 8. Let v be g(-4). Let q = -11 + v. Let s = q - -30. List the prime factors of s.
23
Let n(v) = 5624*v - 48. List the prime factors of n(2).
2, 5, 7
Let k(y) = 20*y**3 + 9*y**2 + 7*y - 10. Let t be k(-6). What are the prime factors of (-1 + 2)/((-11)/t)?
2, 23
Let b(k) = k**2 + k. Let z(a) = 146*a**3 - 2*a**2 - 2*a + 2. Let l(o) = 2*b(o) + z(o). Let u be l(2). Suppose -7*g + g = -u. List the prime factors of g.
3, 5, 13
Suppose 0 = -26*f + 616927 + 217049. What are the prime factors of f?
2, 3, 11
Let q = 116 + -108. Suppose -q*u + 2*u + 42 = 0. Suppose 5*n + o + 69 = u*n, -4*o + 20 = 0. List the prime factors of n.
37
Let f be -4*((-14544)/(-8))/(-9). Let c = f + -255. What are the prime factors of c?
7, 79
Let z(h) be the first derivative of -63*h**2 - 21*h + 3. What are the prime factors of z(-5)?
3, 7, 29
Suppose -51126 = -1367*p + 1361*p. List the prime factors of p.
8521
Let a = -2312 - -5340. What are the prime factors of a?
2, 757
Let h be (-56)/(-84) + (-10)/(-3). Suppose -4 = 4*z, h*c - 2668 = 2*z + 2*z. List the prime factors of c.
2, 3, 37
Let i = 3905 + -2630. Let x = i + -809. List the prime factors of x.
2, 233
Let y = -88 + 83. What are the prime factors of (12/1)/(5*y/(-350))?
2, 3, 7
Let d = 12 - 7. Suppose y = -2*p + 125, -38 = 2*p - d*y - 157. Let r = 2 + p. List the prime factors of r.
2
Let m(p) = 5*p**2 + 94*p + 23. Let u be m(-16). Let j = u - -1360. What are the prime factors of j?
19, 61
List the prime factors of 42160/12*(-72)/(-96).
5, 17, 31
Suppose 25*a = 40078 - 9378. Suppose 3*n - 2*b = a, 4*n - 797 - 844 = -b. List the prime factors of n.
2, 5, 41
Let c = -2990 - -13779. What are the prime factors of c?
10789
Let y be -1 + 9 - (2 + -4 + 3). Suppose 2*n = -3*u - 70 + y, -3*u = -2*n - 45. What are the prime factors of -1 - 2478/(-27) - 6/n?
7, 13
Suppose -20*c - 229032 = -58*c + 26*c. List the prime factors of c.
2, 3, 3181
Suppose 5*u = -3*t - 30 + 100, 0 = -3*t. Suppose 4*x + l + u = 7*x, 0 = -x - 2*l. Suppose -x*q - 5*n = -1173, 3*n - 295 = -q - 0*n. List the prime factors of q.
2, 73
Let h = 77 + -16. Suppose -10*q = 3*w - 9*q - 681, -916 = -4*w - 4*q. Let k = w - h. What are the prime factors of k?
3, 5, 11
Let l be 1 - (0/(-7 - -5) - 2). Let s(z) = 120*z**2 + 14*z - 55. List the prime factors of s(l).
11, 97
List the prime factors of -6 + 7309 + 3/(-8 - -11).
2, 11, 83
Let s be 0 + -77 - 5/5. Let x(b) = -2*b**2 + 14*b + 99. Let l be x(-11). Let y = s - l. List the prime factors of y.
3, 73
Let m(z) = -z**3 - 2*z**2 - 3*z - 2. Let j be m(-1). What are the prime factors of (40 - 15)*(6 - (0 + j))?
2, 3, 5
Let u(i) = 2*i**3 - 67*i**2 + 9*i + 28. Let o be u(33). Let p = o - -1172. What are the prime factors of p?
2, 3, 17
Suppose -3*r - 25 + 1 = 0. Let t be (-8)/(-60) - 726/45. List the prime factors of 552/t*r/6.
2, 23
Let l(m) = m**3 - 48*m + 2*m**2 - 28*m**2 + 55*m + 2. List the prime factors of l(27).
2, 5, 23
Let y(x) = 34*x - 174. Let a be y(5). What are the prime factors of (0/(-2))/a - -425?
5, 17
Suppose -13 = -4*j + w, 3*j + 5*w - 28 = -1. Let k be -26*j/(-8) + 1. What are the prime factors of 23/(21/k*(-4)/(-6))?
23
Let h = -6728 - -10929. Suppose -12*s = 1441 - h. List the prime factors of s.
2, 5, 23
Let j = -11 + 17. Suppose -2*p + j*p + 2 = -c, -4*p = -2*c - 40. List the prime factors of 54/12*c/(-3).
3, 7
Let a = 289 - 287. Suppose -5*z = x - 895, -2*z - a*x = 3*x - 335. What are the prime factors of z?
2, 3, 5
Let n(f) = -2*f - 78. Let c = -43 - -42. Let d(j) = -j + 1. Let p(i) = c*n(i) + 4*d(i). What are the prime factors of p(0)?
2, 41
Let c(y) = -y**3 - 17*y**2 - 51*y - 32. Let n be -2 + 658/(-42) + (-10)/(-6). List the prime factors of c(n).
2, 3, 11
Suppose 5709*t - 465624 = 5673*t. List the prime factors of t.
2, 29, 223
Suppose -5*z + 4*z + w - 90 = 0, 266 = -3*z + 4*w. Let i = -172 - z. Let s = -44 - i. What are the prime factors of s?
2, 17
Let u be (0 - 1) + (-16)/40*5. List the prime factors of u/12*-70*(-184)/(-5).
2, 7, 23
Suppose 5 = -0*a + a. Let f(i) = -1 + 8*i + 54*i**2 - 4*i - a*i - i. List the prime factors of f(-1).
5, 11
Suppose 8*y = 4*n + 230852, y - 19440 - 9400 = -5*n. What are the prime factors of y?
5, 29, 199
Let v be 132/28 + -1 + 4/14. Suppose -84 = -v*b + 3*b + j, 153 = 2*b - 5*j. What are the prime factors of b?
89
Suppose 4*w - o - 1 = 6, -3*w - 16 = -5*o. Suppose u - w*c + 12 = 0, -18 = 2*u + u - 3*c. Let k(d) = -58*d + 3. What are the prime factors of k(u)?
3, 59
Let z(n) = 7*n**2 - 17*n - 101. Let d be -10 - (70/(-22) + 2/11). List the prime factors of z(d).
19
List the prime factors of (-30)/5 - (-3326 + -3).
3323
Suppose 37*y - 163679 + 66514 = 233578. What are the prime factors of y?
7, 1277
Suppose 0*y + 5*y = -0*y. Suppose -4*w + 2*p + 2444 = y, 20*p + 3070 = 5*w + 25*p. What are the prime factors of w?
2, 3, 17
Let f(r) be the third derivative of -r**6/120 + 7*r**5/30 + r**4/8 - 19*r**3/6 - 4*r**2 + 3*r. List the prime factors of f(13).
3, 7
Suppose 8*u = 11*u + 5*f - 108020, 0 = 5*u - 3*f - 180056. List the prime factors of u.
2, 5, 13, 277
Let f = -61 + 61. Suppose f = m - 9*m - 192. What are the prime factors of 80/m*(-9 - 0)?
2, 3, 5
Let k = -74164 + 104094. What are the prime factors of k?
2, 5, 41, 73
Suppose -20667 + 7917 = -5*u. Suppose 0 = 32*w - 37*w + u. List the prime factors of w.
2, 3, 5, 17
Let j(r) = 5118*r - 1213. List the prime factors of j(3).
79, 179
Let c = -22 + -6. Let k be 8/c*(-4 - 10). List the prime factors of (-438)/k*(-8)/6.
2, 73
Let a(o) be the first derivative of -o**4/4 + o**3 + o**2 + 109*o + 49. Suppose 33*t - 36*t = 0. List the prime factors of a(t).
109
Let r = 9841 - 5596. What are the prime factors of r?
3, 5, 283
Let a be (58 - 52)*(-4)/6. Let y(g) = 8*g**2 - g - 1. Let n be y(-1). What are the prime factors of ((-316)/n - a)*-2?
71
Suppose -2*s + 5522 = -3*v - 9251, 0 = 4*v - 4. List the prime factors of s.
2, 1847
Suppose 0 = 5*t + u - 53433, 22*u - 21*u - 21375 = -2*t. What are the prime factors of t?
2, 3, 13, 137
Suppose -3*n + 7 = -3*o + 16, -4*n = 2*o + 12. Suppose 3*i - 6 + o = 0. Suppose -r + i*m = m - 28, 0 = -4*r - m + 132. What are the prime factors of r?
2
What are the prime fac